{"id":46,"date":"2026-02-01T21:17:26","date_gmt":"2026-02-01T21:17:26","guid":{"rendered":"https:\/\/test.strategiko.ca\/?page_id=46"},"modified":"2026-02-28T22:50:34","modified_gmt":"2026-02-28T22:50:34","slug":"politique-de-confidentialite","status":"publish","type":"page","link":"https:\/\/test.strategiko.ca\/index.php\/politique-de-confidentialite\/","title":{"rendered":"Politique de confidentialit\u00e9"},"content":{"rendered":"\t\t<div data-elementor-type=\"wp-page\" data-elementor-id=\"46\" class=\"elementor elementor-46\">\n\t\t\t\t<div class=\"elementor-element elementor-element-6f6eb034 e-flex e-con-boxed e-con e-parent\" data-id=\"6f6eb034\" data-element_type=\"container\" data-e-type=\"container\" data-settings=\"{&quot;background_background&quot;:&quot;classic&quot;}\">\n\t\t\t\t\t<div class=\"e-con-inner\">\n\t\t\t\t<div class=\"elementor-element elementor-element-7feb9346 elementor-hidden-mobile elementor-widget elementor-widget-spacer\" data-id=\"7feb9346\" data-element_type=\"widget\" data-e-type=\"widget\" data-widget_type=\"spacer.default\">\n\t\t\t\t\t\t\t<div class=\"elementor-spacer\">\n\t\t\t<div class=\"elementor-spacer-inner\"><\/div>\n\t\t<\/div>\n\t\t\t\t\t\t<\/div>\n\t\t\t\t<div class=\"elementor-element elementor-element-129bb6d0 elementor-widget elementor-widget-text-editor\" data-id=\"129bb6d0\" data-element_type=\"widget\" data-e-type=\"widget\" data-widget_type=\"text-editor.default\">\n\t\t\t\t\t\t\t\t\t<p><style>\n.responsive-title h1 {<br \/>  font-weight: 800;<br \/>  font-size: 60px;<br \/>  margin: 0;<br \/>  line-height: 1.1;<br \/>}<\/p>\n<p>@media (max-width: 768px) {<br \/>  .responsive-title h1 {<br \/>    font-size: 40px;<br \/>  }<br \/>}<br \/><\/style><\/p><div id=\"1831903319\" class=\"u_1831903319 dmNewParagraph responsive-title\" data-element-type=\"paragraph\" data-version=\"5\"><h1><span style=\"color: #002f6c;\">Politique de confidentialit\u00e9<\/span><\/h1><\/div>\t\t\t\t\t\t\t\t<\/div>\n\t\t\t\t<div class=\"elementor-element elementor-element-35e42d8 elementor-hidden-mobile elementor-widget elementor-widget-spacer\" data-id=\"35e42d8\" data-element_type=\"widget\" data-e-type=\"widget\" data-widget_type=\"spacer.default\">\n\t\t\t\t\t\t\t<div class=\"elementor-spacer\">\n\t\t\t<div class=\"elementor-spacer-inner\"><\/div>\n\t\t<\/div>\n\t\t\t\t\t\t<\/div>\n\t\t\t\t\t<\/div>\n\t\t\t\t<\/div>\n\t\t<div class=\"elementor-element elementor-element-7cf90f3 e-flex e-con-boxed e-con e-parent\" data-id=\"7cf90f3\" data-element_type=\"container\" data-e-type=\"container\" data-settings=\"{&quot;background_background&quot;:&quot;classic&quot;}\">\n\t\t\t\t\t<div class=\"e-con-inner\">\n\t\t\t\t<div class=\"elementor-element elementor-element-a8f0f7c elementor-widget elementor-widget-text-editor\" data-id=\"a8f0f7c\" data-element_type=\"widget\" data-e-type=\"widget\" data-widget_type=\"text-editor.default\">\n\t\t\t\t\t\t\t\t\t<p data-start=\"326\" data-end=\"583\"><strong data-start=\"326\" data-end=\"345\">1. Introduction<\/strong><br data-start=\"345\" data-end=\"348\" \/>La confidentialit\u00e9 de vos renseignements personnels est une priorit\u00e9 pour <strong data-start=\"422\" data-end=\"436\">Strategiko<\/strong>. La pr\u00e9sente politique d\u00e9crit les types de donn\u00e9es que nous collectons, la mani\u00e8re dont elles sont utilis\u00e9es, prot\u00e9g\u00e9es et vos droits \u00e0 cet \u00e9gard.<\/p><p data-start=\"590\" data-end=\"691\"><strong data-start=\"590\" data-end=\"635\">2. Collecte des renseignements personnels<\/strong><br data-start=\"635\" data-end=\"638\" \/>Nous pouvons collecter les informations suivantes :<\/p><ul data-start=\"692\" data-end=\"953\"><li data-start=\"692\" data-end=\"707\"><p data-start=\"694\" data-end=\"707\">Nom, pr\u00e9nom<\/p><\/li><li data-start=\"708\" data-end=\"728\"><p data-start=\"710\" data-end=\"728\">Adresse courriel<\/p><\/li><li data-start=\"729\" data-end=\"752\"><p data-start=\"731\" data-end=\"752\">Num\u00e9ro de t\u00e9l\u00e9phone<\/p><\/li><li data-start=\"753\" data-end=\"850\"><p data-start=\"755\" data-end=\"850\">Informations fournies volontairement via formulaires de contact ou inscription \u00e0 nos services<\/p><\/li><li data-start=\"851\" data-end=\"953\"><p data-start=\"853\" data-end=\"953\">Donn\u00e9es techniques relatives \u00e0 la navigation sur notre site (cookies, adresses IP, pages consult\u00e9es)<\/p><\/li><\/ul><p data-start=\"955\" data-end=\"1064\">Ces informations sont recueillies uniquement pour fournir nos services et am\u00e9liorer l\u2019exp\u00e9rience utilisateur.<\/p><p data-start=\"1071\" data-end=\"1174\"><strong data-start=\"1071\" data-end=\"1119\">3. Utilisation des renseignements personnels<\/strong><br data-start=\"1119\" data-end=\"1122\" \/>Vos renseignements personnels sont utilis\u00e9s pour :<\/p><ul data-start=\"1175\" data-end=\"1394\"><li data-start=\"1175\" data-end=\"1215\"><p data-start=\"1177\" data-end=\"1215\">R\u00e9pondre \u00e0 vos demandes et questions<\/p><\/li><li data-start=\"1175\" data-end=\"1215\"><p data-start=\"1177\" data-end=\"1215\">Fournir nos services ou produits<\/p><\/li><li data-start=\"1253\" data-end=\"1340\"><p data-start=\"1255\" data-end=\"1340\">Envoyer des communications d\u2019information ou promotionnelles si vous y avez consenti<\/p><\/li><li data-start=\"1341\" data-end=\"1394\"><p data-start=\"1343\" data-end=\"1394\">Am\u00e9liorer nos services et la navigation sur le site<\/p><\/li><\/ul><p data-start=\"1401\" data-end=\"1683\"><strong data-start=\"1401\" data-end=\"1445\">4. Partage des renseignements personnels<\/strong><br data-start=\"1445\" data-end=\"1448\" \/>Nous ne vendons ni ne louons vos informations \u00e0 des tiers. Nous pouvons partager vos donn\u00e9es avec des partenaires ou prestataires uniquement lorsque cela est n\u00e9cessaire pour fournir nos services (ex. h\u00e9bergeur, services de messagerie).<\/p><p data-start=\"1690\" data-end=\"1890\"><strong data-start=\"1690\" data-end=\"1721\">5. Conservation des donn\u00e9es<\/strong><br data-start=\"1721\" data-end=\"1724\" \/>Nous conservons vos renseignements personnels uniquement le temps n\u00e9cessaire pour atteindre les objectifs d\u00e9crits ci-dessus ou pour respecter nos obligations l\u00e9gales.<\/p><p data-start=\"1897\" data-end=\"2113\"><strong data-start=\"1897\" data-end=\"1924\">6. S\u00e9curit\u00e9 des donn\u00e9es<\/strong><br data-start=\"1924\" data-end=\"1927\" \/>Strategiko met en \u0153uvre des mesures techniques et organisationnelles appropri\u00e9es pour prot\u00e9ger vos donn\u00e9es contre l\u2019acc\u00e8s non autoris\u00e9, la divulgation, la modification ou la destruction.<\/p><p data-start=\"2120\" data-end=\"2201\"><strong data-start=\"2120\" data-end=\"2159\">7. Cookies et technologies de suivi<\/strong><br data-start=\"2159\" data-end=\"2162\" \/>Notre site utilise des cookies pour :<\/p><ul data-start=\"2202\" data-end=\"2349\"><li data-start=\"2202\" data-end=\"2242\"><p data-start=\"2204\" data-end=\"2242\">Am\u00e9liorer l\u2019exp\u00e9rience de navigation<\/p><\/li><li data-start=\"2243\" data-end=\"2298\"><p data-start=\"2245\" data-end=\"2298\">Analyser le trafic et les comportements sur le site<\/p><\/li><li data-start=\"2299\" data-end=\"2349\"><p data-start=\"2301\" data-end=\"2349\">Adapter le contenu et les offres promotionnelles<\/p><\/li><\/ul><p data-start=\"2351\" data-end=\"2478\">Vous pouvez configurer votre navigateur pour refuser certains cookies, mais certaines fonctionnalit\u00e9s pourraient \u00eatre limit\u00e9es.<\/p><p data-start=\"2485\" data-end=\"2562\"><strong data-start=\"2485\" data-end=\"2502\">8. Vos droits<\/strong><br data-start=\"2502\" data-end=\"2505\" \/>Conform\u00e9ment \u00e0 la l\u00e9gislation applicable, vous pouvez :<\/p><ul data-start=\"2563\" data-end=\"2802\"><li data-start=\"2563\" data-end=\"2615\"><p data-start=\"2565\" data-end=\"2615\">Demander l\u2019acc\u00e8s \u00e0 vos renseignements personnels<\/p><\/li><li data-start=\"2616\" data-end=\"2675\"><p data-start=\"2618\" data-end=\"2675\">Demander la correction ou la suppression de vos donn\u00e9es<\/p><\/li><li data-start=\"2676\" data-end=\"2749\"><p data-start=\"2678\" data-end=\"2749\">Retirer votre consentement pour recevoir des communications marketing<\/p><\/li><li data-start=\"2750\" data-end=\"2802\"><p data-start=\"2752\" data-end=\"2802\">Vous opposer \u00e0 certains traitements de vos donn\u00e9es<\/p><\/li><\/ul><p data-start=\"2804\" data-end=\"2908\">Pour exercer vos droits, contactez-nous \u00e0 <strong data-start=\"2846\" data-end=\"2870\"><a class=\"decorated-link cursor-pointer\" rel=\"noopener\" data-start=\"2848\" data-end=\"2868\">sonia@strategiko.com<\/a><\/strong> ou par t\u00e9l\u00e9phone au <strong data-start=\"2891\" data-end=\"2907\">450\u2011686\u20114348<\/strong>.<\/p><p data-start=\"2915\" data-end=\"3141\"><strong data-start=\"2915\" data-end=\"2951\">9. Modifications de la politique<\/strong><br data-start=\"2951\" data-end=\"2954\" \/>Nous pouvons mettre \u00e0 jour cette politique pour refl\u00e9ter les changements dans nos pratiques ou la l\u00e9gislation. La version mise \u00e0 jour sera publi\u00e9e sur notre site avec la date de r\u00e9vision.<\/p><p data-start=\"3148\" data-end=\"3375\"><strong data-start=\"3148\" data-end=\"3163\">10. Contact<\/strong><br data-start=\"3163\" data-end=\"3166\" \/>Pour toute question concernant cette politique de confidentialit\u00e9 :<br data-start=\"3233\" data-end=\"3236\" \/><strong data-start=\"3236\" data-end=\"3250\">Strategiko<\/strong><br data-start=\"3250\" data-end=\"3253\" \/>1555, boulevard de l\u2019Avenir, bureau 306<br data-start=\"3292\" data-end=\"3295\" \/>Laval, QC H7S 2N5<br data-start=\"3312\" data-end=\"3315\" \/>Courriel\u202f: <a class=\"decorated-link cursor-pointer\" rel=\"noopener\" data-start=\"3326\" data-end=\"3346\">sonia@strategiko.com<\/a><br data-start=\"3346\" data-end=\"3349\" \/>T\u00e9l\u00e9phone\u202f: 450\u2011686\u20114348<\/p>\t\t\t\t\t\t\t\t<\/div>\n\t\t\t\t\t<\/div>\n\t\t\t\t<\/div>\n\t\t\t\t<\/div>\n\t\t","protected":false},"excerpt":{"rendered":"<p>Politique de confidentialit\u00e9 1. IntroductionLa confidentialit\u00e9 de vos renseignements personnels est une priorit\u00e9 pour Strategiko. La pr\u00e9sente politique d\u00e9crit les types de donn\u00e9es que nous collectons, la mani\u00e8re dont elles sont utilis\u00e9es, prot\u00e9g\u00e9es et vos droits \u00e0 cet \u00e9gard. 2. Collecte des renseignements personnelsNous pouvons collecter les informations suivantes : Nom, pr\u00e9nom Adresse courriel Num\u00e9ro&hellip;&nbsp;<\/p>\n","protected":false},"author":1,"featured_media":0,"parent":0,"menu_order":0,"comment_status":"closed","ping_status":"closed","template":"","meta":{"neve_meta_sidebar":"","neve_meta_container":"","neve_meta_enable_content_width":"","neve_meta_content_width":0,"neve_meta_title_alignment":"","neve_meta_author_avatar":"","neve_post_elements_order":"","neve_meta_disable_header":"","neve_meta_disable_footer":"","neve_meta_disable_title":"","footnotes":""},"class_list":["post-46","page","type-page","status-publish","hentry"],"yoast_head":"<!-- This site is optimized with the Yoast SEO plugin v27.3 - https:\/\/yoast.com\/product\/yoast-seo-wordpress\/ -->\n<title>Politique de confidentialit\u00e9 - Strategiko<\/title>\n<meta name=\"robots\" content=\"index, follow, max-snippet:-1, max-image-preview:large, max-video-preview:-1\" \/>\n<link rel=\"canonical\" href=\"https:\/\/test.strategiko.ca\/index.php\/politique-de-confidentialite\/\" \/>\n<meta property=\"og:locale\" content=\"fr_FR\" \/>\n<meta property=\"og:type\" content=\"article\" \/>\n<meta property=\"og:title\" content=\"Politique de confidentialit\u00e9 - Strategiko\" \/>\n<meta property=\"og:description\" content=\"Politique de confidentialit\u00e9 1. IntroductionLa confidentialit\u00e9 de vos renseignements personnels est une priorit\u00e9 pour Strategiko. La pr\u00e9sente politique d\u00e9crit les types de donn\u00e9es que nous collectons, la mani\u00e8re dont elles sont utilis\u00e9es, prot\u00e9g\u00e9es et vos droits \u00e0 cet \u00e9gard. 2. Collecte des renseignements personnelsNous pouvons collecter les informations suivantes : Nom, pr\u00e9nom Adresse courriel Num\u00e9ro&hellip;&nbsp;\" \/>\n<meta property=\"og:url\" content=\"https:\/\/test.strategiko.ca\/index.php\/politique-de-confidentialite\/\" \/>\n<meta property=\"og:site_name\" content=\"Strategiko\" \/>\n<meta property=\"article:modified_time\" content=\"2026-02-28T22:50:34+00:00\" \/>\n<meta name=\"twitter:card\" content=\"summary_large_image\" \/>\n<meta name=\"twitter:label1\" content=\"Dur\u00e9e de lecture estim\u00e9e\" \/>\n\t<meta name=\"twitter:data1\" content=\"3 minutes\" \/>\n<script type=\"application\/ld+json\" class=\"yoast-schema-graph\">{\"@context\":\"https:\\\/\\\/schema.org\",\"@graph\":[{\"@type\":\"WebPage\",\"@id\":\"https:\\\/\\\/test.strategiko.ca\\\/index.php\\\/politique-de-confidentialite\\\/\",\"url\":\"https:\\\/\\\/test.strategiko.ca\\\/index.php\\\/politique-de-confidentialite\\\/\",\"name\":\"Politique de confidentialit\u00e9 - Strategiko\",\"isPartOf\":{\"@id\":\"https:\\\/\\\/test.strategiko.ca\\\/#website\"},\"datePublished\":\"2026-02-01T21:17:26+00:00\",\"dateModified\":\"2026-02-28T22:50:34+00:00\",\"breadcrumb\":{\"@id\":\"https:\\\/\\\/test.strategiko.ca\\\/index.php\\\/politique-de-confidentialite\\\/#breadcrumb\"},\"inLanguage\":\"fr-FR\",\"potentialAction\":[{\"@type\":\"ReadAction\",\"target\":[\"https:\\\/\\\/test.strategiko.ca\\\/index.php\\\/politique-de-confidentialite\\\/\"]}]},{\"@type\":\"BreadcrumbList\",\"@id\":\"https:\\\/\\\/test.strategiko.ca\\\/index.php\\\/politique-de-confidentialite\\\/#breadcrumb\",\"itemListElement\":[{\"@type\":\"ListItem\",\"position\":1,\"name\":\"Accueil\",\"item\":\"https:\\\/\\\/test.strategiko.ca\\\/\"},{\"@type\":\"ListItem\",\"position\":2,\"name\":\"Politique de confidentialit\u00e9\"}]},{\"@type\":\"WebSite\",\"@id\":\"https:\\\/\\\/test.strategiko.ca\\\/#website\",\"url\":\"https:\\\/\\\/test.strategiko.ca\\\/\",\"name\":\"Strategiko\",\"description\":\"Strat\u00e9gie et collaboration\",\"potentialAction\":[{\"@type\":\"SearchAction\",\"target\":{\"@type\":\"EntryPoint\",\"urlTemplate\":\"https:\\\/\\\/test.strategiko.ca\\\/?s={search_term_string}\"},\"query-input\":{\"@type\":\"PropertyValueSpecification\",\"valueRequired\":true,\"valueName\":\"search_term_string\"}}],\"inLanguage\":\"fr-FR\"}]}<\/script>\n<!-- \/ Yoast SEO plugin. -->","yoast_head_json":{"title":"Politique de confidentialit\u00e9 - Strategiko","robots":{"index":"index","follow":"follow","max-snippet":"max-snippet:-1","max-image-preview":"max-image-preview:large","max-video-preview":"max-video-preview:-1"},"canonical":"https:\/\/test.strategiko.ca\/index.php\/politique-de-confidentialite\/","og_locale":"fr_FR","og_type":"article","og_title":"Politique de confidentialit\u00e9 - Strategiko","og_description":"Politique de confidentialit\u00e9 1. IntroductionLa confidentialit\u00e9 de vos renseignements personnels est une priorit\u00e9 pour Strategiko. La pr\u00e9sente politique d\u00e9crit les types de donn\u00e9es que nous collectons, la mani\u00e8re dont elles sont utilis\u00e9es, prot\u00e9g\u00e9es et vos droits \u00e0 cet \u00e9gard. 2. Collecte des renseignements personnelsNous pouvons collecter les informations suivantes : Nom, pr\u00e9nom Adresse courriel Num\u00e9ro&hellip;&nbsp;","og_url":"https:\/\/test.strategiko.ca\/index.php\/politique-de-confidentialite\/","og_site_name":"Strategiko","article_modified_time":"2026-02-28T22:50:34+00:00","twitter_card":"summary_large_image","twitter_misc":{"Dur\u00e9e de lecture estim\u00e9e":"3 minutes"},"schema":{"@context":"https:\/\/schema.org","@graph":[{"@type":"WebPage","@id":"https:\/\/test.strategiko.ca\/index.php\/politique-de-confidentialite\/","url":"https:\/\/test.strategiko.ca\/index.php\/politique-de-confidentialite\/","name":"Politique de confidentialit\u00e9 - Strategiko","isPartOf":{"@id":"https:\/\/test.strategiko.ca\/#website"},"datePublished":"2026-02-01T21:17:26+00:00","dateModified":"2026-02-28T22:50:34+00:00","breadcrumb":{"@id":"https:\/\/test.strategiko.ca\/index.php\/politique-de-confidentialite\/#breadcrumb"},"inLanguage":"fr-FR","potentialAction":[{"@type":"ReadAction","target":["https:\/\/test.strategiko.ca\/index.php\/politique-de-confidentialite\/"]}]},{"@type":"BreadcrumbList","@id":"https:\/\/test.strategiko.ca\/index.php\/politique-de-confidentialite\/#breadcrumb","itemListElement":[{"@type":"ListItem","position":1,"name":"Accueil","item":"https:\/\/test.strategiko.ca\/"},{"@type":"ListItem","position":2,"name":"Politique de confidentialit\u00e9"}]},{"@type":"WebSite","@id":"https:\/\/test.strategiko.ca\/#website","url":"https:\/\/test.strategiko.ca\/","name":"Strategiko","description":"Strat\u00e9gie et collaboration","potentialAction":[{"@type":"SearchAction","target":{"@type":"EntryPoint","urlTemplate":"https:\/\/test.strategiko.ca\/?s={search_term_string}"},"query-input":{"@type":"PropertyValueSpecification","valueRequired":true,"valueName":"search_term_string"}}],"inLanguage":"fr-FR"}]}},"_links":{"self":[{"href":"https:\/\/test.strategiko.ca\/index.php\/wp-json\/wp\/v2\/pages\/46","targetHints":{"allow":["GET"]}}],"collection":[{"href":"https:\/\/test.strategiko.ca\/index.php\/wp-json\/wp\/v2\/pages"}],"about":[{"href":"https:\/\/test.strategiko.ca\/index.php\/wp-json\/wp\/v2\/types\/page"}],"author":[{"embeddable":true,"href":"https:\/\/test.strategiko.ca\/index.php\/wp-json\/wp\/v2\/users\/1"}],"replies":[{"embeddable":true,"href":"https:\/\/test.strategiko.ca\/index.php\/wp-json\/wp\/v2\/comments?post=46"}],"version-history":[{"count":40,"href":"https:\/\/test.strategiko.ca\/index.php\/wp-json\/wp\/v2\/pages\/46\/revisions"}],"predecessor-version":[{"id":1702,"href":"https:\/\/test.strategiko.ca\/index.php\/wp-json\/wp\/v2\/pages\/46\/revisions\/1702"}],"wp:attachment":[{"href":"https:\/\/test.strategiko.ca\/index.php\/wp-json\/wp\/v2\/media?parent=46"}],"curies":[{"name":"wp","href":"https:\/\/api.w.org\/{rel}","templated":true}]}}